f -76 + (14 - -38) - -41 - (67 + 0)?
-50
Calculate 10 - (-20 + (-25 - -60) - (-24 + -2)).
-31
What is -99 + 98 - (3 + -1 + -4 - (-27 + 102))?
76
What is the value of 1 + -2 + 6 + 13 + -12 + -11?
-5
What is the value of (-6 + -73 - (41 + 28 + -49)) + 7?
-92
What is (1437 - 1429) + (-2 - -3) + -25?
-16
Evaluate 11 + 79 + -80 + (0 - 17) + -47.
-54
What is (2 - 5 - -9) + -1362 + 1343?
-13
Calculate -25 - (-45 - -79) - -58.
-1
Evaluate -2 + -7 + (-76 - -78) + 3 - (-4 + 55).
-55
Evaluate 29918 - 29908 - (-19 + (0 - -1 - -1)).
27
2 - (75 - 14 - ((-2 - -6) + -11) - 6)
-60
What is the value of 6 + (81 + -67 - (-5 - -23))?
2
(-62 - 2 - -41) + 18 - (23 + 0)
-28
Evaluate (84 - 67) + (-6 - -11) - 58.
-36
-68 - 14 - -68 - -68
54
What is the value of 215 - (75 - -120) - (-76 - 0)?
96
Evaluate 2 + 2 - ((13 - -4) + 16 + -72 + -24).
67
Evaluate -794 + 786 + (1 - -61).
54
What is -74 + -31 + 103 + -27?
-29
24 + 12 + -4 + 0 + 53 + -51
34
Evaluate (1 - (133 + -119 + -11 + -3 + 2)) + 99.
98
659 + -918 + 309 - (-3 - (2 - 1) - 0)
54
What is -14 + -51 - (24 + 1 + -7 - 1)?
-82
What is (2 - -11) + -35 + 0?
-22
Evaluate 30 + -30 - -20 - (20 + -24).
24
What is the value of -35 + 25 + 29 + 4 + -26?
-3
(-8 - (-1 + 0)) + (-221 - -222) - -54 - 0
48
Evaluate 2 - (-9 - 1) - (-316 + 305 - (-6 + -18)).
-1
What is -1278 + 1283 + (2 + -41 - 0)?
-34
Calculate -90 + 52 + -29 + 30.
-37
Evaluate (-1 - (-7 - -5 - 0) - -2) + -28 + 25.
0
Evaluate 0 - (-16 + 30 + -21 + -2 + 35).
-26
(-38 - (-6 - -105)) + 135
-2
Evaluate (7 - 9) + 1 + 76 + -71.
4
Evaluate (29 - 0 - 35) + -53.
-59
Evaluate -5 - (1 + (7 - -6 - 24)).
5
What is the value of (-16 - (-27 - -10) - -15) + -4?
12
Calculate 48 - (68 - 53) - 49.
-16
Evaluate -1 - -35 - ((630 - 312) + -243).
-41
What is the value of -2 + -13 + 18 + (56 - 108)?
-49
Calculate -1 + 13 - (8716 + -8714).
10
What is 26 - (23 + (19 - 32)) - -1?
17
Calculate 47 - (1 + -2) - (-10 - -23 - 5).
40
1 + 12 - -68 - 24 - -13
70
What is the value of -35 - (41 + -73) - 48?
-51
What is 20 - 8 - (467 + -449 - (1 + -76))?
-81
-57 - ((-62 + 25 - -9) + 29)
-58
What is the value of (-219 - -202) + 21 + -49?
-45
What is the value of 5 - (13 - 9) - (-2 + 0 + (-37 - -47))?
-7
Calculate (-1520 - -1469) + -1 + 130 + (-4 - (2 - 1)).
73
Evaluate -19 + 15 + 17 + -14.
-1
What is the value of 58 + 2 + -3 - (-12 + (-24 + 7 - -38))?
48
What is (121 - 2) + (-8 - (15 - 14)) - (-27 - -35)?
102
Evaluate (-27 - 3) + (-16 - (4 - 3 - 11)).
-36
What is 947 + -941 - (4 - (3 - (-1 + -2))) - 29?
-21
What is -127 - (-13 + (117 - 113) + (0 - 0 - -1))?
-119
Evaluate -31 - (-122 - (1 - 59)).
33
What is the value of 5 - (5 - -11) - (0 + -16 + 4)?
1
-8 + 1 + 3 - (-7 + 17 + -10) - -52
48
6 + (16 + 8 - 8) + -19 + 10
13
Calculate 3 + (8 - 3) + (-23 - (-18 + -29)).
32
93 + -148 + (84 - -5)
34
What is the value of 12 + -62 + 10 - 0?
-40
Calculate -8 + (-42 - -50) + 6 + (-8 - -27).
25
What is -23 + (15 + 74 - 45)?
21
What is 1075 + -1072 + (-4 - (-2 + 2 - -5))?
-6
What is (-96 - -118 - 17) + (5 - 3 - -13)?
20
Evaluate 2 + 63 + (8 + 41 - 59 - (-1 + -5)).
61
What is the value of 108 - (0 - 2 - 2) - (-101 + 30 - -74)?
109
1 + 2 - (395 - 338)
-54
Calculate (2 - -8) + (-23 - (0 - 7)) + -37.
-43
Evaluate -12 + (49 - (35 - 12) - (-1 - 4)).
19
Calculate (-6 + 9 + 3 + -16 - -5 - -49) + -8.
36
What is 38 + 10 + (-15 - (9 - (10 + 3)))?
37
Calculate -4 + (-21 - -16) + -11 - -43.
23
Evaluate 15 + -5 + (-3 - -53 - (11 - -20)).
29
What is the value of (-4 - -39) + (63 - 58)?
40
What is (-16 + -4 + -3 - -49) + 41?
67
What is the value of 0 + -26 + 6 + (11 - 7 - -3) + 100?
87
What is (56 + -37 - -104) + 4 + 3 + -21?
109
What is the value of 3 - -2 - (4 + -3 + 15)?
-11
Calculate -39 + 54 - 32 - 63.
-80
What is the value of 7 + 3 + (-19 - -33) + 23?
47
Calculate -58 + -45 + 79 + -1 + -9.
-34
Calculate (-12 - -6) + 1 - (22 - 28).
1
Calculate -23 - (-25 - (10 - -29)).
41
What is the value of (14 - (10 + 7) - 13) + -22?
-38
Calculate 2 - (83 - -1 - (-7 + -17 - (-22 + 11))).
-95
(15 + -3 + -1 - (157 - 152)) + -3
3
28 + (46 - (66 + -11))
19
What is (0 - -10) + -4 + -1 + 19 - (-1 + -8)?
33
Evaluate -11 + (-71 - -69) + -48.
-61
What is the value of (1 - -11 - -1 - 104) + 11 + -2?
-82
What is the value of (-84 - -88 - 67) + -16?
-79
Calculate (-92 - (-225 - -92)) + (3 - 35).
9
Evaluate 47 - (-28 - (0 + -22) - (-4 + -6 + -1)).
42
What is (20 - -4) + (-15 - 10 - -21)?
20
(-3 - 3) + (-1 + 16 + -94 - 14) + 14
-85
What is 1 + 25 + 0 + 96219 + -96285?
-40
What is the value of 22 - (2 - (-10 + 35) - -134)?
-89
Evaluate -192 + (208 - 115) + 4 + 31.
-64
Calculate -39 - ((-1 - (3 + -10)) + 1 - 16).
-30
What is (2329 - 2346) + (2 + 10 - -1) + 13?
9
Evaluate (-11 + 14 - (-6 - 3) - 2) + (8 - -3).
21
0 + (4 - (-4 + -2)) - (31 - (2 + -11))
-30
What is (1 - 11) + (-9 - (-13 + (33 - 12) + -8))?
-19
(-17 - (18 - -11)) + 19
-27
Evaluate -18 + 0 + (510 - 496) + 16 + -119.
-107
What is the value of -32 + 64 + (-70 - -43 - -53)?
58
Calculate -1 + -10 + (4870 - 4834).
25
Calculate (102 - 0 - (0 + (7 - 3))) + 402 + -392.
108
What is -125 + (-20 - -72) - -35?
-38
What is (11 - 31) + 26 - (-5 + 13 + -3)?
1
(42 + -15 - 136 - -46) + 2 + 5
-56
What is (-61 - 14) + 4 + 77?
6
What is 113 - -25 - 117 - (1 - -104)?
-84
Evaluate -15 + 10 + -13 + 19 + 123.
124
What is -1 + (16 - 1) - (22264 + -22178)?
-72
Calculate (27 - 51) + 68 + -49.
-5
(29 - ((12 - -58) + -15)) + -1
-27
Evaluate (-31 - (18 + -32 + -8)) + -6.
-15
What is 0 + -10 + (-3 - (23 - 6)) + -9?
-39
Evaluate 5 - ((-11 - -4 - -15) + -2 - -55).
-56
24 - ((-37 - -36) + -18)
43
-18 - (4 + (1 - -7) - (-605 - -601))
-34
107 + -113 + 16 + -1 + -17
-8
Evaluate (-27 - 74) + 72 - -33.
4
Evaluate -25 + (-17 - -9) + 95 + -27.
35
What is -4 + (18 - 10) + -7 - (9 - 10) - 48?
-50
What is 0 - 0 - (-61 - (-36 + -10)) - (-98 - 2)?
115
Evaluate 30 + (-53 - -32) - (-4 - (14 - 0)).
27
Evaluate 8 - (4 + 1 + 3 + (-27 - (-6 - -9))).
30
What is the value of 12 - ((9 - 2) + (-101 - -101))?
5
(1 - -67) + 1903 + -1973
-2
What is -35 + (-12 - -45) - 47?
-49
Evaluate 16 + (-8 - -15 - (-4 + 14)) - 21.
-8
Calculate -48 - ((14 + 2 + -10 - 13) + -7).
-34
What is -26 + 37 + -6 + 42?
47
3 + (-2 - (-10 + 4)) + 0 + (22 - 58)
-29
Calculate 12 + -2 - (39 - (61 + -99)).
-67
Calculate -71 - (28 + -55) - (-2 - 2 - 2).
-38
Evaluate -49 - (-1 - -11 - (-15 + (14 - -2))).
-58
Evaluate -6 + -5 + 6 + 5 + (6 - 25).
-19
-25 + 6 - (-267 - -251)
-3
Evaluate 1 - (-2 - -2 - (-45 + 10 + 17)).
-17
-3 + 21 + (114 - 107) - 102
-77
(8 - -62) + (61 - 159)
-28
Calculate (20 + (-9 - 3) - (-51 - 1)) + -9.
51
Calculate 5 - (-28 + 19 - -24) - -11.
1
What is (-32 - -10) + 6 + 11 + (4 - -2)?
1
Calculate 10 + 42 + -18 - (-23 + 15 + 16).
26
(42 - 27 - (4 - 1)) + 8
20
Calculate (3 - 6) + (90 - 82) + (3 - 9).
-1
4 + (-78 - (1 + (-2 - 0))) + (142 - 145)
-76
Calculate 21 + -13 + (9 + -6 - 0) - (94 - 0).
-83
-5 - (-5 + -15) - (-19 + 17 - -4)
13
What is the value of -60 + 73 + 5 - 0?
18
What is (8 - 18) + (-17 - (-55 - -56))?
-28
Evaluate ((-3 - -5) + 8 - (85 - 83)) + -1 + -55.
-48
(-45 + 10 - -73) + -10
28
What is 42 + (71 - (27 + 109))?
-23
Evaluate -501 + 509 + (-38 - 2) - 61.
-93
Evaluate 27 + (5 - 9) + (-153 - -122).
-8
Evaluate (15 - (470 + -471 + 1 + -2)) + 21.
38
What is the value of (-116 - -20) + 25 + 11 + 2?
-58
What is 14 + 100 + (-14 - -25 - 43)?
82
(47 - 8) + 69 + -72
36
What is (-28 - -34) + 31 + -13 + 23?
47
What is the value of 77 - (63 + -1 + -6 - 25)?
46
(39 - -16 - 11) + -45
-1
Evaluate (1 - (50 + -105)) + 75.
131
Evaluate 26 - (-2 + 16 - (212 - 294)).
-70
Evaluate -34 + 170 + -63 + -42.
31
What is (72 - 0) + -16601 + 16503?
-26
(11 - -41) + (8 - (-22 - -7))
75
What is the value of (23 - 10) + -29 + (-3 - -78) + -4?
55
What is the value of -80 - ((1 - -15) + 173 + -189 - 12)?
-68
Evaluate (1 - -1 - (3 - (-8 - -9) - -37)) + -11.
-48
What is 22 + 19 + -79 + 32?
-6
Evaluate (-19 - -30) + -72 + 7 + 9 + -6 + -4.
-55
Evaluate 7 + (-12 - -44) - 80.
-41
-40 - -2 - (502 - 501) - 22
-61
Evaluate -79 + (12 - -131) - 83.
-19
Calculate (5 - (6 - 116)) + (-22 - (-20 - (2 + -4))).
111
Calculate 8 - 33 - (-20 - (0 + -31)).
-36
-20 - (23 + 4 + (-62 - 54))
69
Calculate 6 + -108 + (33 + 4 - 28).
-93
Calculate (-10 - (-23 - -16)) + (20 - -5) + 5.
27
Calculate -629 + 625 + (5 - (3 